 y be w(-16). Suppose 10*x - y = x. What are the prime factors of x?
67
Let g(o) = 357*o**2 + 8*o + 21. What are the prime factors of g(6)?
3, 59, 73
Let s(k) = k - 2. Let o(h) = -h + 2. Let j(q) = 3*o(q) + 2*s(q). Let a be (-25)/4 + 5/4. List the prime factors of j(a).
7
List the prime factors of (7 + 0)/((2/(-6))/((-1064874)/342)).
7, 9341
Let z = -33 + 31. Let g be (3 - 5 - z) + 68. Suppose -t = j - g, 0*t + 2*j = 4*t - 272. List the prime factors of t.
2, 17
Suppose 0*n = 2*n + 4*c - 2036, n - 1028 = -4*c. Suppose -497 - n = 7*o. List the prime factors of ((-24)/60)/(1/o).
2, 43
Suppose 2*g = 3161 + 427. Suppose -g = 27*o - 30*o. List the prime factors of o.
2, 13, 23
Let h = 80621 - 50885. What are the prime factors of h?
2, 3, 7, 59
Suppose -t = 3*s + 4*t - 27739, 0 = -s + 4*t + 9235. What are the prime factors of s?
3, 13, 79
Let u(n) = -n**2 + 16*n - 32. Let s be u(12). Suppose 20*w - 12*w = s. Let z = w - -162. List the prime factors of z.
2, 41
Let t(k) = -k**2 + k - 21. Let u be t(0). Let r = 24 + -1. Let d = u + r. What are the prime factors of d?
2
Suppose 14 = -21*c + 19*c. What are the prime factors of (1 + c)*(-3)/(-6) - -961?
2, 479
Suppose m + 5*z - 8323 = 0, 18*m - 16547 = 16*m + z. List the prime factors of m.
2, 4139
Suppose -4*b + 4 = 0, -19169 = -4*k + b - 6*b. What are the prime factors of k?
3, 1597
Suppose u - 13*u = -14*u + 19418. What are the prime factors of u?
7, 19, 73
Suppose -9*z + 7 - 7 = 0. Suppose i - 258 - 397 = z. What are the prime factors of i?
5, 131
Let s = 59336 + -24270. List the prime factors of s.
2, 89, 197
Suppose 4*l = a - 85808, -52*l = 3*a - 50*l - 257522. List the prime factors of a.
2, 3, 23, 311
List the prime factors of 4/(4/5607) + (-2 - -3).
2, 701
Suppose -110*b + 105*b = 2685. Let v = b + 1244. List the prime factors of v.
7, 101
Let t(h) = 12*h**3 - h**2 - 20*h + 8. Suppose -24 + 0 = -6*g. What are the prime factors of t(g)?
2, 5, 17
Let b be (-5)/((-1617)/534 - -3). Suppose 3*x + l + b = 2603, -x + 815 = -3*l. What are the prime factors of x?
809
What are the prime factors of ((-12 - -3) + -18)/(4/(-8304)*2)?
2, 3, 173
Let v be (-2260)/((11 + -6)/(-5)). Suppose 4*b - v = 1864. List the prime factors of b.
1031
Let g(i) = 1518*i**2 - 11*i + 72. List the prime factors of g(5).
37967
Suppose -2553 - 16791 = -5*r + p, 0 = -r - p + 3864. What are the prime factors of r?
2, 967
What are the prime factors of ((-596826)/(-355))/(4 + (-396)/100)?
2, 3, 5, 467
What are the prime factors of -1 - ((-2)/(-10) - ((-1585103)/(-65) + -9))?
2, 11, 277
Let l(m) = -m**3 - 9*m**2 + m - 3. Let u be l(-9). Let i be u/15 + (-372)/(-15). List the prime factors of (13*-1)/((-4)/i).
2, 3, 13
Let t(s) = -15*s**2 + 51*s - 6. Let j(r) = -7*r**2 + 25*r - 3. Let n(z) = 13*j(z) - 6*t(z). List the prime factors of n(17).
31
Let d be ((-741)/26)/(2/156) + -1. Let v = 3803 + d. What are the prime factors of v?
1579
Let l(u) = 7*u + 3. Let n(p) = 2*p - 6. Let g be n(6). Let q(x) = -8*x - 2. Let k(m) = g*q(m) + 5*l(m). List the prime factors of k(-3).
2, 3, 7
Suppose 60*k = 177*k - 2066922. List the prime factors of k.
2, 11, 73
Let r(s) = -18*s**3 - 24*s**2 - 201*s - 165. What are the prime factors of r(-14)?
3, 31, 509
Let i be (139/2)/(13/(-156)). Let x = i - -1392. What are the prime factors of x?
2, 3, 31
Let v(k) = -3*k + 10. Let s be v(-7). Suppose 0 = 17*z + 16 - 152. Suppose -s = -z*f + 25. What are the prime factors of f?
7
Suppose 89*p - 488880 = 29*p. List the prime factors of p.
2, 3, 7, 97
Let l(h) = -h**3 - h - 4. Let p be l(0). Let t(g) = -7*g**2 + 3. Let m be t(p). Let o = -61 - m. List the prime factors of o.
2, 3
Suppose 238*f - 13016822 = -21*f. List the prime factors of f.
2, 13, 1933
Let v = 416 - 861. Let n = -226 - v. What are the prime factors of n?
3, 73
Suppose -12*m - 39832 + 278648 = -4*u, -99518 = -5*m - 4*u. List the prime factors of m.
2, 3, 31, 107
Let h = -34 + 36. Suppose -h*p - 5*r + 76 = -0*p, -4*r - 190 = -5*p. Let f = 48 + p. List the prime factors of f.
2, 43
Suppose 0 = -11*t + 76 - 87. List the prime factors of (-12765)/(-45) - (4/6 + t).
2, 71
Let b = 59677 - 30222. List the prime factors of b.
5, 43, 137
Suppose 1150858 - 19149868 = -409*o + 139*o. What are the prime factors of o?
3, 823
Let r be (132/(-10))/(78/(-1755)). Let q = 833 - r. What are the prime factors of q?
2, 67
Let u = 43122 + -23676. List the prime factors of u.
2, 3, 7, 463
Suppose -5913 + 40193 = -40*c. Let q = 1245 + c. List the prime factors of q.
2, 97
Let t be (-4)/14 + 11/((-154)/(-33744)). Suppose -y - 903 = 4*j - t, 2*j = 2*y + 766. What are the prime factors of j?
2, 3, 7
Let v(y) = 55*y**2 - 58*y - 520. What are the prime factors of v(-26)?
2, 13, 367
What are the prime factors of (-79864)/(-7) + 137/(-959)?
3, 3803
Suppose -c = 2*g + 1599 - 4, 4*g - 5*c + 3225 = 0. Let w = g + 842. What are the prime factors of w?
2, 3, 7
Let f(u) = -4*u**3 - 2*u - 12. Let c be f(-2). Let b(y) = 13*y**3 + y**2 + y. Let i be b(-1). Let l = c + i. What are the prime factors of l?
11
Suppose 444119 - 102155 = 42*a. List the prime factors of a.
2, 3, 23, 59
Suppose 44*t - 914280 = -126856. What are the prime factors of t?
2, 2237
Suppose -95 = -6*m + m + 4*p, -2*m - 4*p + 10 = 0. Let n be (0/(m/(-5)))/(-1). What are the prime factors of 17/(17/252) + n?
2, 3, 7
Let s(y) = 165*y**2 + 3*y - 3. Suppose -17*d + 21 - 4 = 0. Let j be s(d). Suppose 7*r = 12*r - j. What are the prime factors of r?
3, 11
Suppose -4*d - 3*a + 1 = -27, -28 = -2*d - 5*a. Let x = 1 + d. Suppose -x*m + 3 = -187. What are the prime factors of m?
2, 19
Let h = -10396 - -18310. List the prime factors of h.
2, 3, 1319
Suppose 64*j - 155087 = -30479. What are the prime factors of j?
3, 11, 59
Let x = 294 + 138. Suppose 2*w = 3*f + 271, 3*w = -0*f - 4*f + x. What are the prime factors of w?
2, 5, 7
Let k(c) = -9*c**2 + 4*c - 7. Let m be k(5). Let a = m + 344. List the prime factors of a.
2, 3, 11
Let n(j) = j**3 - 2*j**2 + j + 3. Let t be n(0). Suppose 2706 - 369 = t*s. What are the prime factors of s?
19, 41
Let d = 12 - 10. Suppose -4*h - d*n + 48 = -0*n, 0 = h - n - 18. List the prime factors of 6/h + (-4664)/(-77).
61
Let k be (-2 - (-2 + -6)) + 19. Suppose 0 = 8*c - k*c + 6783. What are the prime factors of c?
3, 7, 19
Suppose 211472 = 22*w - 5574 - 26274. List the prime factors of w.
2, 5, 7, 79
What are the prime factors of (-353665)/(-26)*26/5?
13, 5441
Suppose -2*u - 47422 = -4*l, -54*u + 3 = -51*u. List the prime factors of l.
2, 3, 13, 19
Let g be (-20)/(3 - (-37)/(-13)). Suppose 1134 = x + 5*x. Let i = x + g. List the prime factors of i.
59
Suppose -8*i + 5263 = 28239. Let y = -1762 - i. List the prime factors of y.
2, 3, 5, 37
Suppose -z + 26 = 5*v, -2*z = -7*z + v. List the prime factors of ((-35)/(70/1188))/(z + -3).
3, 11
Let w(a) = -39*a - 1. Let l be w(-1). List the prime factors of -2*(-1)/1*4617/l.
3
Suppose 3*a = -3*q + 51996, 4*q - 39635 + 126349 = 5*a. What are the prime factors of a?
2, 8669
What are the prime factors of 53625/(-75)*(-152)/10?
2, 11, 13, 19
Let s be (-5)/(-2)*176/110. Let l be 4/2*s/12*-3. List the prime factors of (l/(-3))/((-12)/(-2718)).
151
Let i(z) be the third derivative of 19*z**6/120 - z**5/10 + 5*z**4/24 - z**3/6 + 28*z**2 + 1. What are the prime factors of i(3)?
11, 43
Suppose 0 = 23*l + 12*l + 109270. Let n = l + 4423. List the prime factors of n.
1301
Let c = 62 + -58. Suppose 8 = z + c. Suppose -z*j - 2*d = -0*d - 74, -5*j + 115 = -2*d. List the prime factors of j.
3, 7
Suppose 24*w - 82 - 14 = 0. Suppose -2*i + 3 = -9. Suppose 56 = 3*f - 4*h + i*h, 0 = f - w*h. List the prime factors of f.
2
Let x(s) = s + 57. Let c be x(-19). Suppose c*b - 736 = 30*b. List the prime factors of b.
2, 23
Let q = 18919 + -7587. What are the prime factors of q?
2, 2833
Let s(h) = 12*h + 17660. List the prime factors of s(0).
2, 5, 883
Let i be -2*3*(-13)/39. Suppose 4*v - 2*v = -5*g + 2233, 0 = -i*g - 2*v + 898. Suppose -4*s + g - 13 = 0. List the prime factors of s.
2, 3
Suppose -2*s + 4*s + t = 102206, 4*s - 204406 = -t. What are the prime factors of s?
2, 5, 7, 73
Let b(w) = 2*w**2 - 11*w + 6. Let j be b(5). Suppose 1 - j = 5*x. Suppose 2*l + 1 + 3 = x, 4*s + 2*l = 1144. List the prime factors of s.
7, 41
Let r b